8?
17
Suppose -4*q = -1 - 3. Let x = 3 - q. Calculate the remainder when 2 is divided by x.
0
Let o = -45 + 17. Let n = o - -51. Suppose 35*k - 34*k - 8 = 0. Calculate the remainder when n is divided by k.
7
Let d = -1 + 6. Suppose -5*f + f + 52 = 0. Let i = f - d. What is the remainder when 22 is divided by i?
6
Let w be (-2)/(-3) - 750/(-9). Suppose -2*t - a + 40 = -0*a, -4*t - 3*a + w = 0. What is the remainder when 69 is divided by t?
15
Let k(o) = 10*o + 6 - 13 - o**2 + 1. What is the remainder when 11 is divided by k(9)?
2
Let v = 9 + -5. Suppose -3*f - q = -6 - 9, 0 = 2*f + v*q. Calculate the remainder when 17 is divided by f.
5
What is the remainder when 6 is divided by (0 - -1) + 4 + (0 - 3)?
0
Let o(k) be the second derivative of -k**4/12 - 2*k**3 + 7*k**2 + 8*k. What is the remainder when o(-6) is divided by 17?
16
Let u(q) = -q**2 - 17*q + 25. Calculate the remainder when u(-18) is divided by 4.
3
Calculate the remainder when 138/(-2 + 16/4) is divided by 2/(1*5/45).
15
Suppose 2 + 14 = 4*y. Suppose f - 7*f = 0. Suppose -y*n + 212 = -f*n. Calculate the remainder when n is divided by 18.
17
Let s(d) = -26*d + 1. Let a be s(5). Let c = -80 - a. Calculate the remainder when c is divided by (-7)/((-252)/620) + (-4)/18.
15
Let z = -20 - -29. What is the remainder when 33 is divided by z?
6
Suppose -2*l - 4*l + 192 = 0. What is the remainder when l is divided by 1*(11/1 - 0)?
10
Suppose 5*p - 3*h = p + 42, -5*h - 2 = -p. Let u be (-3)/2*(-20)/2. Let z = p + u. What is the remainder when z is divided by 10?
7
Let n(o) = -3*o + 2. Let h(d) = -4*d. Let a be h(1). Calculate the remainder when 27 is divided by n(a).
13
Suppose -3*k + 14 = -4. Suppose -3*m - 2*m + 2*n = -85, 51 = 3*m - n. What is the remainder when m is divided by k?
5
Let n = -27 - -38. Calculate the remainder when n is divided by 3.
2
Let s(z) = 2*z**2 + 1. Let k be s(1). Let t be 2 - k/6*4. Suppose 3*o - 3*n - 15 = -4*n, o - 2*n - 12 = t. Calculate the remainder when 10 is divided by o.
4
Suppose 4*m + 60 = -0*m. Calculate the remainder when 6/m + 174/10 is divided by 10.
7
Let d = 11 - 36. What is the remainder when 29 is divided by (-24)/(-60)*(0 - d)?
9
Let j = 47 - 28. Calculate the remainder when j is divided by 7.
5
Let s = -10 - -22. Let o(k) = k**3 - 3*k**2 - 4*k + 2. Let y be o(4). Calculate the remainder when s is divided by (-3)/y*150/(-45).
2
Suppose 81 = 4*v + 5*x + 9, 0 = -2*v - 5*x + 46. What is the remainder when 24 is divided by v?
11
Let l(b) = b. Let z(o) = 5*o - 7. Let m(r) = 4*l(r) + z(r). Calculate the remainder when m(5) is divided by 20.
18
Suppose -z - 3*z = -176. Suppose 0 = -6*c + 3*c + 9. Suppose y = c + z. Calculate the remainder when y is divided by 24.
23
Let u = 26 - 20. Calculate the remainder when 18 is divided by u.
0
Suppose 5*n = 84 + 56. What is the remainder when 83 is divided by n?
27
Let g be (-150)/(-4) + (-1)/(-2). Let p = g - 25. Suppose v + 10 = 3*v. What is the remainder when p is divided by v?
3
Let a be (-35)/(-14) + 1/(-2). Let c = 4 + -2. Calculate the remainder when c is divided by 1/3 - a/(-3).
0
Suppose -3*y = -27 - 0. Calculate the remainder when y is divided by 1.
0
Let r = 100 - 60. Let l(a) = a**3 + 5*a**2 + a + 2. Suppose 4*c + 12 + 4 = 0. What is the remainder when r is divided by l(c)?
12
Suppose 3*v + 0*b - 80 = -5*b, -4*v - 5*b + 100 = 0. Suppose -28 = -4*x - 5*h + 14, -4*h = 4*x - 40. Calculate the remainder when v is divided by x.
4
Suppose 5*n = -0*n + 3*y + 97, 4*y - 35 = -3*n. Calculate the remainder when n is divided by (-63)/(-15) - (-4)/5.
2
Let k(c) = -2*c**3 - c - 2. Calculate the remainder when 61 is divided by k(-2).
13
Suppose -o + 6 = o. Suppose 5*r - 4*d + d + 43 = 0, 0 = 3*r - o*d + 27. Calculate the remainder when 62 is divided by 3/12 + (-166)/r.
20
Suppose -2*d = -5 - 9. Calculate the remainder when 12 is divided by d.
5
Let v = -52 - -58. Calculate the remainder when 8 is divided by v.
2
Let i = 8 + -6. Let c(t) = 2*t**3 - 2*t**2 + 3*t - 3. Calculate the remainder when 20 is divided by c(i).
9
Let k(m) = 2*m**2 - 3*m + 3. Let x = 2 - 0. Calculate the remainder when k(-3) is divided by 18 + (x - 4) + 0.
14
Let k be ((-6)/9)/(2/3). Calculate the remainder when 52 is divided by ((1 - 2)*18)/k.
16
Let z be 56/(-4)*(2 - 1). Let h be (-5 + 1)*z/4. Let l = h - 4. Calculate the remainder when l is divided by 3.
1
Let x be 1*3 - (-9 - 68). Suppose d - x = -d. What is the remainder when d is divided by 21?
19
Suppose -a - 4*a + 3*b = -170, 170 = 5*a - 2*b. Suppose -3*o + 4*f + 6 + 25 = 0, -4*o - 2*f + a = 0. Calculate the remainder when o is divided by 3.
0
Suppose -5*r - 16 = -3*f, -r + 24 - 58 = -5*f. Suppose -60 = -12*d + f*d. What is the remainder when 46 is divided by d?
10
Let s(p) be the third derivative of p**5/20 - p**4/8 + p**3/2 - 2*p**2. Calculate the remainder when s(2) is divided by 32/6 + (-2)/6.
4
Let k = 2 + 3. Calculate the remainder when 10 is divided by k + (-1 - (-5 - -3)).
4
Suppose p = 3*d - 6, -5*p = -5*d - 2*p + 6. What is the remainder when 4 is divided by d?
1
Let s(g) = 3*g - 7. Suppose -116 = -5*q + 49. What is the remainder when q is divided by s(8)?
16
Let n(v) = 9*v + 5*v - 3*v + v**2 - 2*v. Suppose -3*r - 5*z + 87 = 0, 3*z = r + 5 - 34. Calculate the remainder when r is divided by n(-10).
9
Suppose 5*v = -2*v + 28. Calculate the remainder when 8 is divided by v.
0
Let h(n) = -n**2 - 8*n + 13. Let l be h(-9). Let p = l + -5. Let s(q) = -9*q - 1. What is the remainder when 14 is divided by s(p)?
6
What is the remainder when 36 is divided by 60/(12/3) - 2?
10
Let s = 0 - 11. Let m = 25 + s. Suppose -2*h - h + 117 = 0. Calculate the remainder when h is divided by m.
11
Let j be ((-37)/2)/((-12)/24). Suppose -2*b + 5*o = -j, 0 = -0*b - 5*b + 5*o + 100. What is the remainder when b is divided by 12?
9
Suppose -3*s = 2*j + j - 96, 0 = 2*j + s - 68. Let w be (j + -1)*(2 + -1). Let f = -18 + w. Calculate the remainder when f is divided by 6.
5
Let v be 8/(-6)*3*1. Let f be ((-4)/(-6))/(v/6). What is the remainder when 79/3 + f/3 is divided by 7?
5
Let q(g) = -7*g - 3. Suppose 32 = y - 4*s, -y + 4*y - 2*s - 46 = 0. Let i = y + -7. What is the remainder when q(-3) is divided by i?
3
Calculate the remainder when 46 + 1 + -1 + 8/2 is divided by 17.
16
Let z be -1 - -2 - (-1 + -1). Let f be (-39)/(1/6*z). What is the remainder when 2/(-4) + f/(-4) is divided by 7?
5
Calculate the remainder when -1 - (4 + -3)/((-2)/46) is divided by 12/(1/(-2)*-2).
10
Let w(r) = 6*r**2 - 9*r + 2. Let m(o) = o**2 + o. Let d(j) = 2*m(j) + w(j). Calculate the remainder when d(4) is divided by 26.
24
What is the remainder when (-2)/((-1*(-4)/116)/(-1)) is divided by 20?
18
Let o(h) = -h + 17 - 2*h + 2*h - 2. What is the remainder when 53 is divided by o(-12)?
26
Suppose -4*v + 42 = -2. Calculate the remainder when v is divided by 7.
4
Suppose -4*q - 33 = -d, -100 = -3*d - 2*q + 13. What is the remainder when 67 is divided by d?
30
Let t(c) = -33*c**3 - c**2 - c - 1. What is the remainder when t(-1) is divided by -3*2*(-22)/12?
10
Let w(b) = -3*b**2 + b**3 + 0*b**2 + b + 5 - b**2. What is the remainder when (-2 - 0) + (1 - -17) is divided by w(4)?
7
Let y = 16 + -8. Let h = 67 + -36. Calculate the remainder when h is divided by y.
7
Suppose 4*t - 150 = t. What is the remainder when t is divided by 17?
16
Suppose 2*j + 9 = p, -p + 4*j = -j - 9. Suppose 0 = -3*o + 23 + 28. What is the remainder when o is divided by p?
8
Suppose -575 + 93 = -2*i. Let g = i + -156. Calculate the remainder when g is divided by 22.
19
Suppose 3*v = -3*k + 168, 0 = 2*k + k + 3. Let i = -18 + v. What is the remainder when i is divided by 14?
11
Let p = 16 + 11. What is the remainder when p is divided by 15?
12
Suppose 7*z - 60 = 3*z. Calculate the remainder when z is divided by 6.
3
Suppose -7*o = -155 + 106. Calculate the remainder when 81 is divided by o.
4
Suppose p + 20 = 6*p, 16 = 4*k - p. Calculate the remainder when 22 is divided by k.
2
Suppose -i - p - 49 = -19, 6 = -3*p. Calculate the remainder when 8 is divided by i/(-10) + (-4)/(-20).
2
Let s be -3 + 3 - (0 - 0). Suppose s*u - 5*u = k + 1, 39 = 3*k + u. Calculate the remainder when k is divided by 5.
4
Let n be ((-7)/(70/18))/((-3)/10). Let y(m) be the third deriva